when 682 is divided by 15?
7
What is the remainder when 304 is divided by 104?
96
Calculate the remainder when 471 is divided by 70.
51
Calculate the remainder when 483 is divided by 193.
97
What is the remainder when 115 is divided by 104?
11
Calculate the remainder when 2885 is divided by 107.
103
What is the remainder when 522 is divided by 4?
2
What is the remainder when 311 is divided by 12?
11
Calculate the remainder when 461 is divided by 33.
32
Calculate the remainder when 158 is divided by 7.
4
What is the remainder when 407 is divided by 13?
4
What is the remainder when 3222 is divided by 15?
12
What is the remainder when 93 is divided by 78?
15
What is the remainder when 1041 is divided by 1031?
10
Calculate the remainder when 249 is divided by 21.
18
What is the remainder when 75 is divided by 27?
21
Calculate the remainder when 2697 is divided by 158.
11
What is the remainder when 8430 is divided by 19?
13
What is the remainder when 1342 is divided by 33?
22
Calculate the remainder when 111 is divided by 4.
3
Calculate the remainder when 1239 is divided by 17.
15
What is the remainder when 454 is divided by 78?
64
Calculate the remainder when 3641 is divided by 19.
12
What is the remainder when 372 is divided by 25?
22
What is the remainder when 20071 is divided by 386?
385
What is the remainder when 311 is divided by 35?
31
What is the remainder when 100 is divided by 21?
16
Calculate the remainder when 1163 is divided by 174.
119
What is the remainder when 1700 is divided by 7?
6
What is the remainder when 141 is divided by 19?
8
Calculate the remainder when 11 is divided by 9.
2
What is the remainder when 286 is divided by 63?
34
Calculate the remainder when 40 is divided by 30.
10
Calculate the remainder when 498 is divided by 35.
8
Calculate the remainder when 1280 is divided by 144.
128
What is the remainder when 17 is divided by 13?
4
Calculate the remainder when 40 is divided by 20.
0
Calculate the remainder when 234 is divided by 15.
9
Calculate the remainder when 184 is divided by 20.
4
Calculate the remainder when 37 is divided by 35.
2
What is the remainder when 926 is divided by 117?
107
Calculate the remainder when 224 is divided by 38.
34
Calculate the remainder when 295 is divided by 74.
73
Calculate the remainder when 42 is divided by 41.
1
What is the remainder when 201 is divided by 199?
2
Calculate the remainder when 138 is divided by 52.
34
Calculate the remainder when 3671 is divided by 17.
16
What is the remainder when 95 is divided by 17?
10
Calculate the remainder when 123 is divided by 65.
58
Calculate the remainder when 678 is divided by 226.
0
What is the remainder when 7092 is divided by 33?
30
What is the remainder when 458 is divided by 11?
7
What is the remainder when 1086 is divided by 93?
63
What is the remainder when 1427 is divided by 21?
20
What is the remainder when 165 is divided by 28?
25
What is the remainder when 1438 is divided by 474?
16
What is the remainder when 173 is divided by 75?
23
What is the remainder when 10 is divided by 7?
3
Calculate the remainder when 117 is divided by 64.
53
What is the remainder when 80 is divided by 10?
0
What is the remainder when 497 is divided by 28?
21
What is the remainder when 1191 is divided by 36?
3
Calculate the remainder when 127 is divided by 47.
33
Calculate the remainder when 1466 is divided by 35.
31
Calculate the remainder when 53 is divided by 11.
9
Calculate the remainder when 538 is divided by 49.
48
Calculate the remainder when 4279 is divided by 34.
29
What is the remainder when 121 is divided by 80?
41
What is the remainder when 5120 is divided by 63?
17
What is the remainder when 1697 is divided by 239?
24
What is the remainder when 97 is divided by 2?
1
What is the remainder when 262 is divided by 44?
42
Calculate the remainder when 610 is divided by 27.
16
Calculate the remainder when 125 is divided by 35.
20
What is the remainder when 4557 is divided by 43?
42
Calculate the remainder when 101 is divided by 38.
25
What is the remainder when 48 is divided by 20?
8
What is the remainder when 2098 is divided by 21?
19
What is the remainder when 14 is divided by 8?
6
Calculate the remainder when 86 is divided by 47.
39
What is the remainder when 1281 is divided by 214?
211
What is the remainder when 58 is divided by 2?
0
Calculate the remainder when 734 is divided by 92.
90
What is the remainder when 2018 is divided by 119?
114
Calculate the remainder when 11219 is divided by 55.
54
What is the remainder when 334 is divided by 74?
38
Calculate the remainder when 39897 is divided by 210.
207
Calculate the remainder when 311 is divided by 79.
74
Calculate the remainder when 69 is divided by 60.
9
What is the remainder when 172 is divided by 71?
30
Calculate the remainder when 527 is divided by 234.
59
Calculate the remainder when 12159 is divided by 64.
63
Calculate the remainder when 203 is divided by 130.
73
What is the remainder when 5423 is divided by 30?
23
Calculate the remainder when 4447 is divided by 50.
47
Calculate the remainder when 760 is divided by 240.
40
What is the remainder when 1605 is divided by 110?
65
What is the remainder when 100 is divided by 22?
12
What is the remainder when 194 is divided by 82?
30
What is the remainder when 939 is divided by 6?
3
Calculate the remainder when 6038 is divided by 31.
24
What is the remainder when 353 is divided by 21?
17
Calculate the remainder when 1913 is divided by 91.
2
What is the remainder when 10192 is divided by 217?
210
Calculate the remainder when 1130 is divided by 130.
90
What is the remainder when 907 is divided by 105?
67
What is the remainder when 1707 is divided by 28?
27
What is the remainder when 157 is divided by 18?
13
What is the remainder when 239 is divided by 11?
8
Calculate the remainder when 1339 is divided by 1339.
0
Calculate the remainder when 503 is divided by 6.
5
Calculate the remainder when 205 is divided by 30.
25
What is the remainder when 32 is divided by 11?
10
Calculate the remainder when 691 is divided by 4.
3
What is the remainder when 2195 is divided by 1095?
5
What is the remainder when 8 is divided by 8?
0
Calculate the remainder when 132 is divided by 8.
4
Calculate the remainder when 71 is divided by 4.
3
Calculate the remainder when 5159 is divided by 15.
14
What is the remainder when 1596 is divided by 417?
345
What is the remainder when 84 is divided by 34?
16
Calculate the remainder when 2303 is divided by 48.
47
What is the remainder when 3663 is divided by 3652?
11
Calculate the remainder when 8294 is divided by 237.
236
What is the remainder when 50 is divided by 27?
23
Calculate the remainder when 2014 is divided by 48.
46
Calculate the remainder when 35 is divided by 18.
17
What is the remainder when 434 is divided by 207?
20
Calculate the remainder when 897 is divided by 29.
27
What is the remainder when 104 is divided by 21?
20
What is the remainder when 773 is divided by 204?
161
What is the remainder when 1768 is divided by 71?
64
What is the remainder when 209 is divided by 73?
63
Calculate the remainder when 47 is divided by 35.
12
What is the remainder when 640 is divided by 36?
28
What is the remainder when 7173 is divided by 34?
33
What is the remainder when 138 is divided by 65?
8
What is the remainder when 3421 is divided by 683?
6
Calculate the remainder when 242 is divided by 25.
17
What is the remainder when 1003 is divided by 322?
37
Calculate the remainder when 295 is divided by 37.
36
Calculate the remainder when 16 is divided by 14.
2
What is the remainder when 49 is divided by 18?
13
What is the remainder when 38 is divided by 29?
9
Calculate the remainder when 222 is divided by 36.
6
Calculate the remainder when 2302 is divided by 36.
34
Calculate the remainder when 101 is divided by 50.
1
What is the remainder when 76 is divided by 67?
9
Calculate the remainder when 152 is divided by 43.
23
Calculate the remainder when 1121 is divided by 75.
71
What is the remainder when 38 is divided by 28?
10
What is the remainder when 285 is divided by 9?
6
What is the remainder when 8574 is divided by 195?
189
Calculate the remainder when 123 is divided by 3.
0
Calculate the remainder when 1399 is divided by 200.